d by 20255?
48
Calculate the remainder when 167319 is divided by 41798.
127
Calculate the remainder when 40824814 is divided by 138.
136
What is the remainder when 2947291 is divided by 1221?
1018
Calculate the remainder when 12155465 is divided by 87.
86
Calculate the remainder when 198185814 is divided by 87.
75
What is the remainder when 20846975 is divided by 128?
127
What is the remainder when 5850377 is divided by 53?
25
Calculate the remainder when 2693657 is divided by 889.
876
Calculate the remainder when 824267 is divided by 206028.
155
What is the remainder when 6591414 is divided by 3295640?
134
What is the remainder when 40264 is divided by 1759?
1566
What is the remainder when 2449788 is divided by 158?
156
Calculate the remainder when 1085245 is divided by 24.
13
Calculate the remainder when 252177313 is divided by 86.
29
Calculate the remainder when 95329 is divided by 430.
299
Calculate the remainder when 6051362 is divided by 44.
42
Calculate the remainder when 3966237 is divided by 379.
2
What is the remainder when 14395729 is divided by 165468?
13
Calculate the remainder when 26269706 is divided by 3752812.
22
Calculate the remainder when 91577 is divided by 1915.
1572
What is the remainder when 849695 is divided by 3280?
175
What is the remainder when 1182999 is divided by 1405?
1394
What is the remainder when 750039 is divided by 53574?
3
What is the remainder when 6318617 is divided by 5292?
5261
What is the remainder when 951820 is divided by 9712?
44
Calculate the remainder when 398745873 is divided by 6756.
6753
What is the remainder when 36111527 is divided by 70?
67
What is the remainder when 150851 is divided by 436?
431
What is the remainder when 1234553 is divided by 367?
332
Calculate the remainder when 560461 is divided by 492.
73
Calculate the remainder when 64832 is divided by 6449.
342
Calculate the remainder when 2384173 is divided by 140244.
25
Calculate the remainder when 42510 is divided by 3976.
2750
What is the remainder when 4441 is divided by 3244?
1197
What is the remainder when 327849 is divided by 152?
137
Calculate the remainder when 46127 is divided by 46080.
47
What is the remainder when 41719649 is divided by 386?
383
Calculate the remainder when 10876747 is divided by 435.
7
What is the remainder when 1655687 is divided by 91982?
11
What is the remainder when 175406 is divided by 1437?
92
Calculate the remainder when 450707 is divided by 12877.
12
What is the remainder when 621520 is divided by 6386?
2078
What is the remainder when 180082 is divided by 733?
497
What is the remainder when 71336059 is divided by 492?
487
Calculate the remainder when 8305709 is divided by 103.
98
What is the remainder when 67595988 is divided by 70?
68
What is the remainder when 2155467 is divided by 3416?
3387
Calculate the remainder when 9975181 is divided by 433701.
58
Calculate the remainder when 3376333 is divided by 3061.
50
What is the remainder when 100338 is divided by 49432?
1474
What is the remainder when 1365158 is divided by 14679?
11
Calculate the remainder when 12416 is divided by 11957.
459
What is the remainder when 98104 is divided by 864?
472
What is the remainder when 449279999 is divided by 1728?
1727
Calculate the remainder when 2299774 is divided by 339.
337
Calculate the remainder when 3377348 is divided by 185.
173
Calculate the remainder when 106452 is divided by 23.
8
Calculate the remainder when 46107394 is divided by 36.
34
What is the remainder when 127358 is divided by 4789?
2844
What is the remainder when 2005474 is divided by 554?
548
What is the remainder when 2982010 is divided by 16475?
35
What is the remainder when 193730 is divided by 38731?
75
Calculate the remainder when 244020707 is divided by 23.
22
Calculate the remainder when 4568558 is divided by 162.
158
What is the remainder when 20517469 is divided by 94?
89
Calculate the remainder when 3641719 is divided by 23.
14
Calculate the remainder when 322122 is divided by 2422.
2418
Calculate the remainder when 17531698 is divided by 3629.
3628
Calculate the remainder when 675330 is divided by 337314.
702
What is the remainder when 1610118 is divided by 805030?
58
What is the remainder when 4374905 is divided by 624967?
136
What is the remainder when 11092457 is divided by 729?
722
Calculate the remainder when 40241355 is divided by 953.
930
Calculate the remainder when 6924345 is divided by 395.
390
Calculate the remainder when 18517322 is divided by 4629330.
2
What is the remainder when 307813 is divided by 4050?
13
Calculate the remainder when 243740320 is divided by 798.
796
Calculate the remainder when 523652843 is divided by 26.
25
Calculate the remainder when 88391445 is divided by 44195712.
21
Calculate the remainder when 242244 is divided by 80710.
114
Calculate the remainder when 217240 is divided by 502.
376
Calculate the remainder when 12336125 is divided by 162.
149
Calculate the remainder when 152768523 is divided by 3445.
3443
Calculate the remainder when 11406464 is divided by 49.
48
Calculate the remainder when 2818931789 is divided by 146.
143
Calculate the remainder when 40424 is divided by 187.
32
What is the remainder when 78735531 is divided by 165759?
6
What is the remainder when 3859419 is divided by 271?
108
Calculate the remainder when 4739306 is divided by 18020.
46
What is the remainder when 719286 is divided by 6307?
288
Calculate the remainder when 2207070 is divided by 251.
27
What is the remainder when 4899085 is divided by 36835?
30
What is the remainder when 166485185 is divided by 4953?
4949
What is the remainder when 141936 is divided by 120?
96
What is the remainder when 9613623 is divided by 269?
101
What is the remainder when 41509077 is divided by 338?
311
What is the remainder when 361629611 is divided by 3228?
3227
What is the remainder when 737550 is divided by 509?
9
What is the remainder when 127153 is divided by 463?
291
Calculate the remainder when 2120791 is divided by 495.
211
What is the remainder when 10646525 is divided by 272?
173
Calculate the remainder when 1187753 is divided by 64.
41
What is the remainder when 4185788 is divided by 17?
14
What is the remainder when 33886159 is divided by 747?
745
What is the remainder when 486979 is divided by 4552?
4467
What is the remainder when 31767 is divided by 1686?
1419
Calculate the remainder when 7145 is divided by 4926.
2219
What is the remainder when 42681 is divided by 10610?
241
Calculate the remainder when 326802839 is divided by 455.
454
Calculate the remainder when 1022858 is divided by 103.
68
Calculate the remainder when 8448982 is divided by 2816229.
295
What is the remainder when 194329 is divided by 5707?
291
What is the remainder when 196503 is divided by 7555?
73
What is the remainder when 70540 is divided by 2233?
1317
Calculate the remainder when 8460095 is divided by 1668.
1667
What is the remainder when 324820 is divided by 107962?
934
What is the remainder when 26119762 is divided by 212?
90
Calculate the remainder when 350816 is divided by 70160.
16
What is the remainder when 50626305 is divided by 1205388?
9
What is the remainder when 992669 is divided by 174?
173
What is the remainder when 62358 is divided by 499?
482
Calculate the remainder when 1035873 is divided by 1035869.
4
What is the remainder when 3930211 is divided by 53?
49
Calculate the remainder when 126758675 is divided by 10.
5
Calculate the remainder when 1077696 is divided by 420.
396
Calculate the remainder when 30195 is divided by 4683.
2097
What is the remainder when 187572989 is divided by 8932047?
2
What is the remainder when 13673120 is divided by 2062?
2060
What is the remainder when 9682941 is divided by 260?
21
Calculate the remainder when 20807328 is divided by 3467882.
36
What is the remainder when 35923206 is divided by 1534?
1528
Calculate the remainder when 9998264 is divided by 96137.
16
What is the remainder when 62433 is divided by 61896?
537
Calculate the remainder when 4180605 is divided by 573.
570
What is the remainder when 15458324 is divided by 258?
254
What is the remainder when 39128 is divided by 4738?
1224
What is the remainder when 1026106 is divided by 977?
256
What is the remainder when 1124207 is divi